hat is the greatest common factor of 117 and 1157?
13
What is the greatest common divisor of 12 and 68?
4
Calculate the greatest common divisor of 240 and 75.
15
What is the greatest common divisor of 260 and 40?
20
Calculate the greatest common divisor of 15 and 10035.
15
What is the greatest common divisor of 4400 and 700?
100
Calculate the highest common divisor of 24 and 93.
3
Calculate the highest common factor of 130 and 845.
65
Calculate the greatest common divisor of 5 and 95.
5
What is the greatest common divisor of 22 and 1936?
22
Calculate the greatest common factor of 10 and 454.
2
Calculate the greatest common factor of 72 and 2358.
18
Calculate the greatest common divisor of 960 and 288.
96
Calculate the greatest common divisor of 38 and 21166.
38
Calculate the highest common factor of 110 and 704.
22
What is the highest common divisor of 14280 and 40?
40
Calculate the highest common factor of 74 and 370.
74
Calculate the highest common divisor of 1655 and 15.
5
What is the highest common factor of 1573 and 26?
13
Calculate the highest common factor of 969 and 119.
17
What is the greatest common factor of 108 and 564?
12
What is the highest common divisor of 656 and 16?
16
Calculate the highest common divisor of 34 and 11866.
34
What is the greatest common divisor of 428 and 2461?
107
Calculate the highest common factor of 256 and 832.
64
Calculate the greatest common factor of 13892 and 184.
92
Calculate the greatest common factor of 539 and 3969.
49
Calculate the highest common divisor of 79 and 65333.
79
What is the highest common divisor of 1426 and 124?
62
What is the highest common factor of 20 and 4?
4
What is the highest common factor of 7091 and 7?
7
Calculate the greatest common divisor of 10164 and 7.
7
What is the greatest common factor of 16392 and 24?
24
Calculate the highest common divisor of 12 and 110892.
12
What is the highest common divisor of 18 and 99?
9
What is the greatest common divisor of 28 and 434?
14
Calculate the highest common divisor of 25519 and 169.
169
Calculate the highest common divisor of 198 and 2904.
66
Calculate the greatest common divisor of 25 and 30.
5
Calculate the greatest common divisor of 225 and 50.
25
What is the highest common factor of 36 and 45?
9
Calculate the greatest common divisor of 5 and 3225.
5
What is the highest common divisor of 62 and 7378?
62
Calculate the greatest common divisor of 42018 and 141.
141
What is the greatest common factor of 162 and 4?
2
Calculate the highest common divisor of 123 and 1517.
41
Calculate the highest common divisor of 27 and 23949.
27
What is the highest common divisor of 182 and 55874?
182
Calculate the greatest common divisor of 15 and 795.
15
What is the greatest common divisor of 11955 and 45?
15
Calculate the highest common factor of 199 and 71839.
199
Calculate the highest common factor of 196 and 10045.
49
What is the greatest common factor of 5 and 305?
5
What is the greatest common factor of 24016 and 237?
79
What is the highest common factor of 25 and 275?
25
What is the highest common factor of 140 and 84?
28
Calculate the highest common divisor of 2006 and 136.
34
What is the greatest common divisor of 33 and 11?
11
What is the highest common divisor of 5580 and 36?
36
Calculate the greatest common divisor of 3392 and 5512.
424
What is the highest common factor of 1408 and 384?
128
Calculate the highest common divisor of 25 and 1775.
25
Calculate the greatest common factor of 19440 and 90.
90
Calculate the highest common divisor of 5868 and 72.
36
What is the greatest common factor of 72 and 1328?
8
Calculate the greatest common divisor of 351 and 78.
39
Calculate the highest common divisor of 224 and 56.
56
What is the greatest common divisor of 790 and 3792?
158
Calculate the highest common divisor of 42 and 1533.
21
What is the highest common divisor of 352 and 11?
11
What is the greatest common factor of 231 and 2387?
77
What is the highest common factor of 288 and 45?
9
Calculate the greatest common factor of 124 and 1550.
62
Calculate the highest common divisor of 856 and 56.
8
What is the greatest common factor of 424 and 159?
53
What is the greatest common factor of 9 and 16416?
9
Calculate the greatest common factor of 72 and 2934.
18
Calculate the highest common factor of 880 and 550.
110
Calculate the highest common factor of 1159 and 57.
19
Calculate the greatest common divisor of 32 and 40.
8
What is the highest common factor of 4768 and 2086?
298
What is the greatest common factor of 156 and 416?
52
What is the highest common divisor of 189 and 1057?
7
Calculate the greatest common factor of 38 and 57.
19
What is the highest common factor of 990 and 6030?
90
What is the highest common factor of 48 and 160?
16
What is the highest common factor of 125 and 3?
1
What is the highest common factor of 1368 and 1976?
152
Calculate the greatest common divisor of 61 and 122.
61
Calculate the highest common factor of 136 and 3910.
34
What is the highest common divisor of 42 and 2933?
7
Calculate the greatest common divisor of 16 and 9.
1
Calculate the highest common divisor of 3403 and 82.
41
What is the highest common divisor of 48 and 56?
8
Calculate the highest common factor of 1802 and 424.
106
Calculate the greatest common divisor of 177 and 59.
59
What is the greatest common factor of 58 and 58?
58
Calculate the highest common divisor of 3296 and 32.
32
Calculate the greatest common factor of 32 and 36.
4
What is the greatest common factor of 117 and 195?
39
Calculate the highest common factor of 1974 and 21.
21
What is the greatest common factor of 15 and 885?
15
What is the highest common factor of 113 and 13?
1
What is the highest common factor of 1309 and 119?
119
What is the highest common factor of 100 and 68?
4
Calculate the greatest common divisor of 1863 and 45.
9
What is the highest common factor of 345 and 207?
69
What is the greatest common factor of 6 and 1422?
6
What is the greatest common factor of 85 and 323?
17
What is the highest common factor of 72 and 16?
8
What is the highest common factor of 195 and 645?
15
Calculate the greatest common factor of 2550 and 714.
102
Calculate the highest common factor of 15 and 255.
15
What is the greatest common factor of 19170 and 27?
27
Calculate the greatest common factor of 376 and 8.
8
Calculate the highest common divisor of 54 and 1662.
6
Calculate the highest common divisor of 209 and 99.
11
What is the highest common divisor of 18 and 2?
2
Calculate the greatest common factor of 11543 and 119.
119
What is the greatest common factor of 1110 and 666?
222
What is the greatest common divisor of 63 and 1197?
63
What is the greatest common factor of 595 and 35?
35
What is the highest common factor of 7 and 29428?
7
Calculate the highest common divisor of 12078 and 132.
66
Calculate the greatest common divisor of 1073 and 87.
29
What is the highest common divisor of 21 and 182?
7
What is the greatest common factor of 22 and 209?
11
Calculate the highest common divisor of 256 and 16000.
128
Calculate the highest common divisor of 2556 and 180.
36
What is the greatest common factor of 170 and 6?
2
Calculate the highest common factor of 14 and 62.
2
What is the greatest common factor of 354 and 24?
6
Calculate the highest common divisor of 1300 and 200.
100
What is the greatest common divisor of 1680 and 3696?
336
What is the highest common factor of 10 and 215?
5
Calculate the highest common divisor of 576 and 64.
64
What is the highest common divisor of 6 and 12054?
6
What is the greatest common divisor of 48 and 5208?
24
What is the greatest common factor of 15 and 465?
15
Calculate the greatest common factor of 207 and 333.
9
What is the highest common factor of 22 and 2398?
22
Calculate the highest common factor of 243 and 207.
9
Calculate the highest common factor of 5520 and 264.
24
Calculate the greatest common divisor of 42504 and 8.
8
Calculate the highest common divisor of 38 and 247.
19
Calculate the greatest common divisor of 7 and 469.
7
Calculate the greatest common factor of 20 and 52.
4
What is the greatest common divisor of 726 and 33?
33
Calculate the greatest common factor of 248 and 217.
31
Calculate the greatest common factor of 246 and 30